{"id":6064,"date":"2025-08-27T17:15:36","date_gmt":"2025-08-27T15:15:36","guid":{"rendered":"https:\/\/jabrzezinscy.pl\/?page_id=6064"},"modified":"2025-10-25T01:29:23","modified_gmt":"2025-10-24T23:29:23","slug":"kontakt-2","status":"publish","type":"page","link":"https:\/\/jabrzezinscy.pl\/?page_id=6064","title":{"rendered":"Kontakt"},"content":{"rendered":"\n<h2 class=\"wp-block-heading has-text-align-center\">Galeria Jabrzezinscy &#8211; Sztuka We Dwoje<\/h2>\n\n\n\n<p class=\"has-text-align-center\">ul. G\u0142\u00f3wna 91<br>57-450 Ludwikowice K\u0142odzkie<br>tel. <a href=\"tel:508278595\">508278595<\/a><br>email. <a href=\"mailto:galeria@jabrzezinscy.pl\">galeria@jabrzezinscy.pl<\/a><\/p>\n\n\n\n<iframe src=\"https:\/\/www.google.com\/maps\/embed?pb=!1m18!1m12!1m3!1d2531.265309262704!2d16.461356766679653!3d50.6221880396883!2m3!1f0!2f0!3f0!3m2!1i1024!2i768!4f13.1!3m3!1m2!1s0x470e47a6bcc439d9%3A0xfe40080ce14734b4!2sGaleria%20Jabrzezinscy%20-%20Sztuka%20We%20Dwoje!5e0!3m2!1spl!2spl!4v1756307836298!5m2!1spl!2spl\" width=\"600\" height=\"450\" style=\"border:0;\" allowfullscreen=\"\" loading=\"lazy\" referrerpolicy=\"no-referrer-when-downgrade\"><\/iframe>\n\n\n\n<hr class=\"wp-block-separator has-alpha-channel-opacity is-style-wide\"\/>\n\n\n\n<h2 class=\"wp-block-heading has-text-align-center\">Zapisz si\u0119 do Newslettera<\/h2>\n\n\n<div class=\"wpforms-container wpforms-container-full wpforms-block wpforms-block-af9f49ab-b874-422c-a3b7-0978a2403dde\" id=\"wpforms-6300\"><form id=\"wpforms-form-6300\" class=\"wpforms-validate wpforms-form wpforms-ajax-form\" data-formid=\"6300\" method=\"post\" enctype=\"multipart\/form-data\" action=\"\/index.php?rest_route=%2Fwp%2Fv2%2Fpages%2F6064\" data-token=\"c24a8481b62ea1e9c53cc71a295331a5\" data-token-time=\"1777797553\"><noscript class=\"wpforms-error-noscript\">Aby wype\u0142ni\u0107 ten formularz, w\u0142\u0105cz obs\u0142ug\u0119 JavaScript w przegl\u0105darce.<\/noscript><div class=\"wpforms-field-container\">\t\t<div id=\"wpforms-6300-field_1-container\"\n\t\t\tclass=\"wpforms-field wpforms-field-text\"\n\t\t\tdata-field-type=\"text\"\n\t\t\tdata-field-id=\"1\"\n\t\t\t>\n\t\t\t<label class=\"wpforms-field-label\" for=\"wpforms-6300-field_1\" >Email<\/label>\n\t\t\t<input type=\"text\" id=\"wpforms-6300-field_1\" class=\"wpforms-field-medium\" name=\"wpforms[fields][1]\" >\n\t\t<\/div>\n\t\t<div id=\"wpforms-6300-field_2-container\" class=\"wpforms-field wpforms-field-email\" data-field-id=\"2\"><label class=\"wpforms-field-label\" for=\"wpforms-6300-field_2\">Email <span class=\"wpforms-required-label\">*<\/span><\/label><input type=\"email\" id=\"wpforms-6300-field_2\" class=\"wpforms-field-medium wpforms-field-required\" name=\"wpforms[fields][2]\" spellcheck=\"false\" required><\/div><script>\n\t\t\t\t( function() {\n\t\t\t\t\tconst style = document.createElement( 'style' );\n\t\t\t\t\tstyle.appendChild( document.createTextNode( '#wpforms-6300-field_1-container { position: absolute !important; overflow: hidden !important; display: inline !important; height: 1px !important; width: 1px !important; z-index: -1000 !important; padding: 0 !important; } #wpforms-6300-field_1-container input { visibility: hidden; } #wpforms-conversational-form-page #wpforms-6300-field_1-container label { counter-increment: none; }' ) );\n\t\t\t\t\tdocument.head.appendChild( style );\n\t\t\t\t\tdocument.currentScript?.remove();\n\t\t\t\t} )();\n\t\t\t<\/script><\/div><!-- .wpforms-field-container --><div class=\"wpforms-submit-container\" ><input type=\"hidden\" name=\"wpforms[id]\" value=\"6300\"><input type=\"hidden\" name=\"page_title\" value=\"\"><input type=\"hidden\" name=\"page_url\" value=\"https:\/\/jabrzezinscy.pl\/index.php?rest_route=\/wp\/v2\/pages\/6064\"><input type=\"hidden\" name=\"url_referer\" value=\"\"><button type=\"submit\" name=\"wpforms[submit]\" id=\"wpforms-submit-6300\" class=\"wpforms-submit\" data-alt-text=\"Sending...\" data-submit-text=\"Wy\u015blij\" aria-live=\"assertive\" value=\"wpforms-submit\">Wy\u015blij<\/button><img decoding=\"async\" src=\"https:\/\/jabrzezinscy.pl\/wp-content\/plugins\/wpforms-lite\/assets\/images\/submit-spin.svg\" class=\"wpforms-submit-spinner\" style=\"display: none;\" width=\"26\" height=\"26\" alt=\"Wczytywanie\"><\/div><\/form><\/div>  <!-- .wpforms-container -->\n\n\n<div class=\"wp-block-group alignfull is-content-justification-center\" style=\"margin-top:0;margin-bottom:0;padding-top:calc( 0.5 * var(--wp--style--root--padding-right, var(--wp--custom--gap--horizontal)));padding-right:var(--wp--style--root--padding-right, var(--wp--custom--gap--horizontal));padding-bottom:calc( 0.5 * var(--wp--style--root--padding-right, var(--wp--custom--gap--horizontal)));padding-left:var(--wp--style--root--padding-left, var(--wp--custom--gap--horizontal))\"><div class=\"wp-block-group__inner-container is-layout-constrained wp-container-core-group-is-layout-df757ecc wp-block-group-is-layout-constrained\">\n<div style=\"height:calc( 0.25 * var(--wp--style--root--padding-right, var(--wp--custom--gap--horizontal)))\" aria-hidden=\"true\" class=\"wp-block-spacer\"><\/div>\n\n\n\n<div style=\"height:calc( 0.25 * var(--wp--style--root--padding-right, var(--wp--custom--gap--horizontal)))\" aria-hidden=\"true\" class=\"wp-block-spacer\"><\/div>\n\n\n\n<div style=\"height:7px\" aria-hidden=\"true\" class=\"wp-block-spacer\"><\/div>\n\n\n\n<hr class=\"wp-block-separator has-alpha-channel-opacity is-style-wide\"\/>\n\n\n\n<hr class=\"wp-block-separator has-alpha-channel-opacity is-style-wide\"\/>\n\n\n\n<div class=\"wp-block-columns alignwide is-layout-flex wp-container-core-columns-is-layout-28f84493 wp-block-columns-is-layout-flex\">\n<div class=\"wp-block-column is-layout-flow wp-block-column-is-layout-flow\" style=\"flex-basis:25%\">\n<div class=\"wp-block-group\"><div class=\"wp-block-group__inner-container is-layout-constrained wp-block-group-is-layout-constrained\">\n<div class=\"wp-block-columns is-layout-flex wp-container-core-columns-is-layout-28f84493 wp-block-columns-is-layout-flex\">\n<div class=\"wp-block-column is-layout-flow wp-block-column-is-layout-flow\" style=\"flex-basis:100%\">\n<figure class=\"wp-block-image size-large\"><img fetchpriority=\"high\" decoding=\"async\" width=\"801\" height=\"1024\" src=\"https:\/\/jabrzezinscy.pl\/wp-content\/uploads\/2025\/10\/IMG_2898-801x1024.jpg\" alt=\"obraz olejny &quot;Na wybiegu&quot;\" class=\"wp-image-6271\" srcset=\"https:\/\/jabrzezinscy.pl\/wp-content\/uploads\/2025\/10\/IMG_2898-801x1024.jpg 801w, https:\/\/jabrzezinscy.pl\/wp-content\/uploads\/2025\/10\/IMG_2898-235x300.jpg 235w, https:\/\/jabrzezinscy.pl\/wp-content\/uploads\/2025\/10\/IMG_2898-768x982.jpg 768w, https:\/\/jabrzezinscy.pl\/wp-content\/uploads\/2025\/10\/IMG_2898-1202x1536.jpg 1202w, https:\/\/jabrzezinscy.pl\/wp-content\/uploads\/2025\/10\/IMG_2898-600x767.jpg 600w, https:\/\/jabrzezinscy.pl\/wp-content\/uploads\/2025\/10\/IMG_2898.jpg 1277w\" sizes=\"(max-width: 801px) 100vw, 801px\" \/><\/figure>\n<\/div>\n<\/div>\n<\/div><\/div>\n<\/div>\n\n\n\n<div class=\"wp-block-column is-layout-flow wp-block-column-is-layout-flow\" style=\"flex-basis:25%\">\n<figure class=\"wp-block-image size-large\"><img decoding=\"async\" width=\"799\" height=\"1024\" src=\"https:\/\/jabrzezinscy.pl\/wp-content\/uploads\/2025\/08\/DSC_2738-799x1024.webp\" alt=\"Nieukryta - obraz olejny - Agnieszka Brzezi\u0144ska\" class=\"wp-image-5764\" srcset=\"https:\/\/jabrzezinscy.pl\/wp-content\/uploads\/2025\/08\/DSC_2738-799x1024.webp 799w, https:\/\/jabrzezinscy.pl\/wp-content\/uploads\/2025\/08\/DSC_2738-234x300.webp 234w, https:\/\/jabrzezinscy.pl\/wp-content\/uploads\/2025\/08\/DSC_2738-768x984.webp 768w, https:\/\/jabrzezinscy.pl\/wp-content\/uploads\/2025\/08\/DSC_2738-1198x1536.webp 1198w, https:\/\/jabrzezinscy.pl\/wp-content\/uploads\/2025\/08\/DSC_2738-scaled.webp 1498w, https:\/\/jabrzezinscy.pl\/wp-content\/uploads\/2025\/08\/DSC_2738-600x769.webp 600w\" sizes=\"(max-width: 799px) 100vw, 799px\" \/><\/figure>\n<\/div>\n\n\n\n<div class=\"wp-block-column is-layout-flow wp-block-column-is-layout-flow\" style=\"flex-basis:25%\">\n<figure class=\"wp-block-image size-large\"><img loading=\"lazy\" decoding=\"async\" width=\"1716\" height=\"2205\" src=\"https:\/\/jabrzezinscy.pl\/wp-content\/uploads\/2025\/06\/lubiaca_falbanki.jpg\" alt=\"Mila\" class=\"wp-image-5692\"\/><\/figure>\n<\/div>\n\n\n\n<div class=\"wp-block-column is-layout-flow wp-block-column-is-layout-flow\" style=\"flex-basis:25%\">\n<figure class=\"wp-block-image size-large\"><img loading=\"lazy\" decoding=\"async\" width=\"1799\" height=\"2334\" src=\"https:\/\/jabrzezinscy.pl\/wp-content\/uploads\/2025\/06\/lubiaca_sport.jpg\" alt=\"Luna\" class=\"wp-image-5687\"\/><\/figure>\n<\/div>\n<\/div>\n<\/div><\/div>\n","protected":false},"excerpt":{"rendered":"<p>Galeria Jabrzezinscy &#8211; Sztuka We Dwoje ul. G\u0142\u00f3wna 9157-450 Ludwikowice K\u0142odzkietel. 508278595email. galeria@jabrzezinscy.pl Zapisz si\u0119 do Newslettera<\/p>\n","protected":false},"author":1,"featured_media":0,"parent":0,"menu_order":0,"comment_status":"closed","ping_status":"closed","template":"","meta":{"footnotes":""},"class_list":["post-6064","page","type-page","status-publish","hentry"],"_links":{"self":[{"href":"https:\/\/jabrzezinscy.pl\/index.php?rest_route=\/wp\/v2\/pages\/6064","targetHints":{"allow":["GET"]}}],"collection":[{"href":"https:\/\/jabrzezinscy.pl\/index.php?rest_route=\/wp\/v2\/pages"}],"about":[{"href":"https:\/\/jabrzezinscy.pl\/index.php?rest_route=\/wp\/v2\/types\/page"}],"author":[{"embeddable":true,"href":"https:\/\/jabrzezinscy.pl\/index.php?rest_route=\/wp\/v2\/users\/1"}],"replies":[{"embeddable":true,"href":"https:\/\/jabrzezinscy.pl\/index.php?rest_route=%2Fwp%2Fv2%2Fcomments&post=6064"}],"version-history":[{"count":13,"href":"https:\/\/jabrzezinscy.pl\/index.php?rest_route=\/wp\/v2\/pages\/6064\/revisions"}],"predecessor-version":[{"id":6317,"href":"https:\/\/jabrzezinscy.pl\/index.php?rest_route=\/wp\/v2\/pages\/6064\/revisions\/6317"}],"wp:attachment":[{"href":"https:\/\/jabrzezinscy.pl\/index.php?rest_route=%2Fwp%2Fv2%2Fmedia&parent=6064"}],"curies":[{"name":"wp","href":"https:\/\/api.w.org\/{rel}","templated":true}]}}