{"id":308,"date":"2022-04-09T23:33:54","date_gmt":"2022-04-09T21:33:54","guid":{"rendered":"https:\/\/server728755.nazwa.pl\/wordpress\/wpn_agnieszka\/?product=kobieta-sprzatajaca-pod-stolem-2"},"modified":"2025-08-28T23:21:36","modified_gmt":"2025-08-28T21:21:36","slug":"kobieta-sprzatajaca-pod-stolem-2","status":"publish","type":"product","link":"https:\/\/jabrzezinscy.pl\/?product=kobieta-sprzatajaca-pod-stolem-2","title":{"rendered":"Kobieta sprz\u0105taj\u0105ca pod sto\u0142em"},"content":{"rendered":"<p><img fetchpriority=\"high\" decoding=\"async\" class=\"alignnone size-medium wp-image-557\" src=\"https:\/\/server728755.nazwa.pl\/wordpress\/wpn_agnieszka\/wp-content\/uploads\/2022\/04\/Kobieta-sprzata-pod-stolem-884x1024-1-259x300.jpg\" alt=\"\" width=\"259\" height=\"300\" srcset=\"https:\/\/jabrzezinscy.pl\/wp-content\/uploads\/2022\/04\/Kobieta-sprzata-pod-stolem-884x1024-1-259x300.jpg 259w, https:\/\/jabrzezinscy.pl\/wp-content\/uploads\/2022\/04\/Kobieta-sprzata-pod-stolem-884x1024-1-600x695.jpg 600w, https:\/\/jabrzezinscy.pl\/wp-content\/uploads\/2022\/04\/Kobieta-sprzata-pod-stolem-884x1024-1-768x890.jpg 768w, https:\/\/jabrzezinscy.pl\/wp-content\/uploads\/2022\/04\/Kobieta-sprzata-pod-stolem-884x1024-1.jpg 884w\" sizes=\"(max-width: 259px) 100vw, 259px\" \/><\/p>\n<p><span>Abstrakcyjny geometryczno-ekspresyjny obraz akrylowy na kartonie &#8211; Kobieta sprz\u0105taj\u0105ca pod sto\u0142em. Praca zawerniksowana b\u0142yszcz\u0105cym werniksem. Obraz jest sygnowany z ty\u0142u. Mo\u017ce sta\u0107 si\u0119 mi\u0142ym prezentem dla mi\u0142o\u015bnik\u00f3w ceni\u0105cych minimalizm oraz nowoczesn\u0105 geometri\u0119.<\/span><\/p>\n","protected":false},"excerpt":{"rendered":"<p><span>80 \u00d7 70 cm (wys. \u00d7 szer.)<\/span><\/p>\n","protected":false},"featured_media":557,"comment_status":"closed","ping_status":"closed","template":"","meta":[],"product_brand":[],"product_cat":[15],"product_tag":[],"class_list":{"0":"post-308","1":"product","2":"type-product","3":"status-publish","4":"has-post-thumbnail","6":"product_cat-papier","8":"first","9":"instock","10":"shipping-taxable","11":"purchasable","12":"product-type-simple"},"_links":{"self":[{"href":"https:\/\/jabrzezinscy.pl\/index.php?rest_route=\/wp\/v2\/product\/308","targetHints":{"allow":["GET"]}}],"collection":[{"href":"https:\/\/jabrzezinscy.pl\/index.php?rest_route=\/wp\/v2\/product"}],"about":[{"href":"https:\/\/jabrzezinscy.pl\/index.php?rest_route=\/wp\/v2\/types\/product"}],"replies":[{"embeddable":true,"href":"https:\/\/jabrzezinscy.pl\/index.php?rest_route=%2Fwp%2Fv2%2Fcomments&post=308"}],"version-history":[{"count":2,"href":"https:\/\/jabrzezinscy.pl\/index.php?rest_route=\/wp\/v2\/product\/308\/revisions"}],"predecessor-version":[{"id":4823,"href":"https:\/\/jabrzezinscy.pl\/index.php?rest_route=\/wp\/v2\/product\/308\/revisions\/4823"}],"wp:featuredmedia":[{"embeddable":true,"href":"https:\/\/jabrzezinscy.pl\/index.php?rest_route=\/wp\/v2\/media\/557"}],"wp:attachment":[{"href":"https:\/\/jabrzezinscy.pl\/index.php?rest_route=%2Fwp%2Fv2%2Fmedia&parent=308"}],"wp:term":[{"taxonomy":"product_brand","embeddable":true,"href":"https:\/\/jabrzezinscy.pl\/index.php?rest_route=%2Fwp%2Fv2%2Fproduct_brand&post=308"},{"taxonomy":"product_cat","embeddable":true,"href":"https:\/\/jabrzezinscy.pl\/index.php?rest_route=%2Fwp%2Fv2%2Fproduct_cat&post=308"},{"taxonomy":"product_tag","embeddable":true,"href":"https:\/\/jabrzezinscy.pl\/index.php?rest_route=%2Fwp%2Fv2%2Fproduct_tag&post=308"}],"curies":[{"name":"wp","href":"https:\/\/api.w.org\/{rel}","templated":true}]}}