{"id":337,"date":"2022-04-09T23:33:55","date_gmt":"2022-04-09T21:33:55","guid":{"rendered":"https:\/\/server728755.nazwa.pl\/wordpress\/wpn_agnieszka\/?product=panny-roztropne-2"},"modified":"2025-03-15T15:29:03","modified_gmt":"2025-03-15T14:29:03","slug":"panny-roztropne-2","status":"publish","type":"product","link":"https:\/\/jabrzezinscy.pl\/?product=panny-roztropne-2","title":{"rendered":"Panny roztropne"},"content":{"rendered":"<p><img decoding=\"async\" class=\"alignnone size-medium wp-image-615\" src=\"https:\/\/server728755.nazwa.pl\/wordpress\/wpn_agnieszka\/wp-content\/uploads\/2022\/04\/panny-roztropne-scaled-1-300x150.jpg\" alt=\"\" width=\"300\" height=\"150\" srcset=\"https:\/\/jabrzezinscy.pl\/wp-content\/uploads\/2022\/04\/panny-roztropne-scaled-1-300x150.jpg 300w, https:\/\/jabrzezinscy.pl\/wp-content\/uploads\/2022\/04\/panny-roztropne-scaled-1-600x299.jpg 600w, https:\/\/jabrzezinscy.pl\/wp-content\/uploads\/2022\/04\/panny-roztropne-scaled-1-1024x510.jpg 1024w, https:\/\/jabrzezinscy.pl\/wp-content\/uploads\/2022\/04\/panny-roztropne-scaled-1-768x383.jpg 768w, https:\/\/jabrzezinscy.pl\/wp-content\/uploads\/2022\/04\/panny-roztropne-scaled-1-1536x766.jpg 1536w, https:\/\/jabrzezinscy.pl\/wp-content\/uploads\/2022\/04\/panny-roztropne-scaled-1-2048x1021.jpg 2048w, https:\/\/jabrzezinscy.pl\/wp-content\/uploads\/2022\/04\/panny-roztropne-scaled-1-1568x782.jpg 1568w\" sizes=\"(max-width: 300px) 100vw, 300px\" \/><\/p>\n<blockquote><p>Praca na zam\u00f3wienie &#8211; skontaktuj si\u0119 z Artystk\u0105.<\/p><\/blockquote>\n<p><span>Panny roztropne, olej na p\u0142\u00f3tnie | 2021 | 60\u00d7120 cm <\/span><\/p>\n<p><span>Obraz zawerniksowany, boki zamalowane, sygnowany w lewym dolnym rogu i na odwrocie.\u00a0<\/span><\/p>\n","protected":false},"excerpt":{"rendered":"<p><span>60 \u00d7 120 cm ( wys. \u00d7 szer.)<\/span><\/p>\n<p>&nbsp;<\/p>\n","protected":false},"featured_media":615,"comment_status":"closed","ping_status":"closed","template":"","meta":[],"product_brand":[],"product_cat":[16],"product_tag":[],"class_list":{"0":"post-337","1":"product","2":"type-product","3":"status-publish","4":"has-post-thumbnail","6":"product_cat-olej","8":"first","9":"onbackorder","10":"shipping-taxable","11":"purchasable","12":"product-type-simple"},"_links":{"self":[{"href":"https:\/\/jabrzezinscy.pl\/index.php?rest_route=\/wp\/v2\/product\/337","targetHints":{"allow":["GET"]}}],"collection":[{"href":"https:\/\/jabrzezinscy.pl\/index.php?rest_route=\/wp\/v2\/product"}],"about":[{"href":"https:\/\/jabrzezinscy.pl\/index.php?rest_route=\/wp\/v2\/types\/product"}],"replies":[{"embeddable":true,"href":"https:\/\/jabrzezinscy.pl\/index.php?rest_route=%2Fwp%2Fv2%2Fcomments&post=337"}],"version-history":[{"count":3,"href":"https:\/\/jabrzezinscy.pl\/index.php?rest_route=\/wp\/v2\/product\/337\/revisions"}],"predecessor-version":[{"id":5246,"href":"https:\/\/jabrzezinscy.pl\/index.php?rest_route=\/wp\/v2\/product\/337\/revisions\/5246"}],"wp:featuredmedia":[{"embeddable":true,"href":"https:\/\/jabrzezinscy.pl\/index.php?rest_route=\/wp\/v2\/media\/615"}],"wp:attachment":[{"href":"https:\/\/jabrzezinscy.pl\/index.php?rest_route=%2Fwp%2Fv2%2Fmedia&parent=337"}],"wp:term":[{"taxonomy":"product_brand","embeddable":true,"href":"https:\/\/jabrzezinscy.pl\/index.php?rest_route=%2Fwp%2Fv2%2Fproduct_brand&post=337"},{"taxonomy":"product_cat","embeddable":true,"href":"https:\/\/jabrzezinscy.pl\/index.php?rest_route=%2Fwp%2Fv2%2Fproduct_cat&post=337"},{"taxonomy":"product_tag","embeddable":true,"href":"https:\/\/jabrzezinscy.pl\/index.php?rest_route=%2Fwp%2Fv2%2Fproduct_tag&post=337"}],"curies":[{"name":"wp","href":"https:\/\/api.w.org\/{rel}","templated":true}]}}