{"id":4396,"date":"2022-11-13T10:49:19","date_gmt":"2022-11-13T09:49:19","guid":{"rendered":"https:\/\/jabrzezinscy.pl\/?post_type=product&#038;p=4396"},"modified":"2025-08-28T22:40:58","modified_gmt":"2025-08-28T20:40:58","slug":"siostry-z-torebkami-2","status":"publish","type":"product","link":"https:\/\/jabrzezinscy.pl\/?product=siostry-z-torebkami-2","title":{"rendered":"Siostry z torebkami 2"},"content":{"rendered":"<p><img fetchpriority=\"high\" decoding=\"async\" src=\"https:\/\/jabrzezinscy.pl\/wp-content\/uploads\/2022\/11\/Siostry_z_torebkami_40x30-226x300.jpg\" alt=\"\" width=\"226\" height=\"300\" class=\"alignnone wp-image-4393 size-medium\" \/><\/p>\n<p>&nbsp;<\/p>\n<p>Siostry z torebkami 2 | olej\/p\u0142\u00f3tno | 40&#215;30 cm | 2022<\/p>\n<p>Siostry z torebkami to abstrakcyjny geometryczno-ekspresyjny obraz olejny na p\u0142\u00f3tnie bawe\u0142nianym z cyklu: Siostry. Praca nie wymaga ramy, boczne kraw\u0119dzie p\u0142\u00f3tna zamalowane. Praca zawerniksowana satynowym werniksem. Obraz jest cz\u0119\u015bci\u0105 otwartego cyklu malarskiego, rozpocz\u0119tego pt: Siostry. Cykl przedstawia prace klasyczne postaci w kontek\u015bcie nowoczesnego \u015bwiata. Praca mo\u017ce rozja\u015bni\u0107 wn\u0119trze salonu, sypialni jak r\u00f3wnie\u017c gabinetu. Obraz mo\u017ce sta\u0107 si\u0119 mi\u0142ym prezentem dla os\u00f3b ceni\u0105cych minimalizm oraz nowoczesn\u0105 geometri\u0119.<\/p>\n","protected":false},"excerpt":{"rendered":"<p>40&#215;30 cm (wys. x szer.)<\/p>\n","protected":false},"featured_media":4393,"comment_status":"closed","ping_status":"closed","template":"","meta":[],"product_brand":[],"product_cat":[16],"product_tag":[56,55,54],"class_list":{"0":"post-4396","1":"product","2":"type-product","3":"status-publish","4":"has-post-thumbnail","6":"product_cat-olej","7":"product_tag-agnieszka-brzezinska","8":"product_tag-olej","9":"product_tag-siostry","10":"product_shipping_class-mala","12":"first","13":"onbackorder","14":"shipping-taxable","15":"purchasable","16":"product-type-simple"},"_links":{"self":[{"href":"https:\/\/jabrzezinscy.pl\/index.php?rest_route=\/wp\/v2\/product\/4396","targetHints":{"allow":["GET"]}}],"collection":[{"href":"https:\/\/jabrzezinscy.pl\/index.php?rest_route=\/wp\/v2\/product"}],"about":[{"href":"https:\/\/jabrzezinscy.pl\/index.php?rest_route=\/wp\/v2\/types\/product"}],"replies":[{"embeddable":true,"href":"https:\/\/jabrzezinscy.pl\/index.php?rest_route=%2Fwp%2Fv2%2Fcomments&post=4396"}],"version-history":[{"count":2,"href":"https:\/\/jabrzezinscy.pl\/index.php?rest_route=\/wp\/v2\/product\/4396\/revisions"}],"predecessor-version":[{"id":4771,"href":"https:\/\/jabrzezinscy.pl\/index.php?rest_route=\/wp\/v2\/product\/4396\/revisions\/4771"}],"wp:featuredmedia":[{"embeddable":true,"href":"https:\/\/jabrzezinscy.pl\/index.php?rest_route=\/wp\/v2\/media\/4393"}],"wp:attachment":[{"href":"https:\/\/jabrzezinscy.pl\/index.php?rest_route=%2Fwp%2Fv2%2Fmedia&parent=4396"}],"wp:term":[{"taxonomy":"product_brand","embeddable":true,"href":"https:\/\/jabrzezinscy.pl\/index.php?rest_route=%2Fwp%2Fv2%2Fproduct_brand&post=4396"},{"taxonomy":"product_cat","embeddable":true,"href":"https:\/\/jabrzezinscy.pl\/index.php?rest_route=%2Fwp%2Fv2%2Fproduct_cat&post=4396"},{"taxonomy":"product_tag","embeddable":true,"href":"https:\/\/jabrzezinscy.pl\/index.php?rest_route=%2Fwp%2Fv2%2Fproduct_tag&post=4396"}],"curies":[{"name":"wp","href":"https:\/\/api.w.org\/{rel}","templated":true}]}}