{"id":5271,"date":"2023-04-04T19:49:02","date_gmt":"2023-04-04T17:49:02","guid":{"rendered":"https:\/\/jabrzezinscy.pl\/?post_type=product&#038;p=5271"},"modified":"2025-08-28T22:23:59","modified_gmt":"2025-08-28T20:23:59","slug":"ogrodniczki","status":"publish","type":"product","link":"https:\/\/jabrzezinscy.pl\/?product=ogrodniczki","title":{"rendered":"Ogrodniczki"},"content":{"rendered":"<p><img fetchpriority=\"high\" decoding=\"async\" src=\"https:\/\/jabrzezinscy.pl\/wp-content\/uploads\/2023\/04\/DSC_9507-300x264.jpg\" alt=\"\" width=\"300\" height=\"264\" class=\"alignnone size-medium wp-image-5272\" \/><\/p>\n<blockquote><p>Praca na zam\u00f3wienie &#8211; skontaktuj si\u0119 z Artystk\u0105.<\/p><\/blockquote>\n<p>Ogrodniczki | olej\/p\u0142\u00f3tno | 80 x 90 cm | 2022<\/p>\n","protected":false},"excerpt":{"rendered":"<p>80 x 90 cm (wys. x szer.)<\/p>\n","protected":false},"featured_media":5272,"comment_status":"closed","ping_status":"closed","template":"","meta":[],"product_brand":[],"product_cat":[16],"product_tag":[56,55,54],"class_list":{"0":"post-5271","1":"product","2":"type-product","3":"status-publish","4":"has-post-thumbnail","6":"product_cat-olej","7":"product_tag-agnieszka-brzezinska","8":"product_tag-olej","9":"product_tag-siostry","10":"product_shipping_class-duza","12":"first","13":"onbackorder","14":"shipping-taxable","15":"purchasable","16":"product-type-simple"},"_links":{"self":[{"href":"https:\/\/jabrzezinscy.pl\/index.php?rest_route=\/wp\/v2\/product\/5271","targetHints":{"allow":["GET"]}}],"collection":[{"href":"https:\/\/jabrzezinscy.pl\/index.php?rest_route=\/wp\/v2\/product"}],"about":[{"href":"https:\/\/jabrzezinscy.pl\/index.php?rest_route=\/wp\/v2\/types\/product"}],"replies":[{"embeddable":true,"href":"https:\/\/jabrzezinscy.pl\/index.php?rest_route=%2Fwp%2Fv2%2Fcomments&post=5271"}],"version-history":[{"count":2,"href":"https:\/\/jabrzezinscy.pl\/index.php?rest_route=\/wp\/v2\/product\/5271\/revisions"}],"predecessor-version":[{"id":5274,"href":"https:\/\/jabrzezinscy.pl\/index.php?rest_route=\/wp\/v2\/product\/5271\/revisions\/5274"}],"wp:featuredmedia":[{"embeddable":true,"href":"https:\/\/jabrzezinscy.pl\/index.php?rest_route=\/wp\/v2\/media\/5272"}],"wp:attachment":[{"href":"https:\/\/jabrzezinscy.pl\/index.php?rest_route=%2Fwp%2Fv2%2Fmedia&parent=5271"}],"wp:term":[{"taxonomy":"product_brand","embeddable":true,"href":"https:\/\/jabrzezinscy.pl\/index.php?rest_route=%2Fwp%2Fv2%2Fproduct_brand&post=5271"},{"taxonomy":"product_cat","embeddable":true,"href":"https:\/\/jabrzezinscy.pl\/index.php?rest_route=%2Fwp%2Fv2%2Fproduct_cat&post=5271"},{"taxonomy":"product_tag","embeddable":true,"href":"https:\/\/jabrzezinscy.pl\/index.php?rest_route=%2Fwp%2Fv2%2Fproduct_tag&post=5271"}],"curies":[{"name":"wp","href":"https:\/\/api.w.org\/{rel}","templated":true}]}}