{"id":5381,"date":"2023-12-31T14:55:05","date_gmt":"2023-12-31T13:55:05","guid":{"rendered":"https:\/\/jabrzezinscy.pl\/?post_type=product&#038;p=5381"},"modified":"2025-09-24T16:34:44","modified_gmt":"2025-09-24T14:34:44","slug":"plywaczka","status":"publish","type":"product","link":"https:\/\/jabrzezinscy.pl\/?product=plywaczka","title":{"rendered":"P\u0142ywaczka"},"content":{"rendered":"<p><strong>\u201eP\u0142ywaczka\u201d<\/strong>\u00a0 &#8211; obraz olejny przedstawiaj\u0105cy samotn\u0105 kobiet\u0119 na tle intensywnej barwy. Minimalizm i kontrast czyni\u0105 dzie\u0142o wyj\u0105tkowo nowoczesnym. \u201eP\u0142ywaczka\u201d to malarstwo figuratywne, kt\u00f3re wyra\u017ca si\u0142\u0119 i skupienie, idealne do wn\u0119trz minimalistycznych, gdzie sztuka staje si\u0119 wyrazistym akcentem.<\/p>\n<p><img fetchpriority=\"high\" decoding=\"async\" class=\"alignnone wp-image-5382 size-full\" src=\"https:\/\/jabrzezinscy.pl\/wp-content\/uploads\/2023\/12\/DSC_2730.jpg\" alt=\"\" width=\"1800\" height=\"2381\" \/><\/p>\n<p>P\u0142ywaczka z cyklu &#8222;Siostry&#8221;<br \/>\nolej na p\u0142\u00f3tnie | 2023 | 80\u00d760 cm<\/p>\n","protected":false},"excerpt":{"rendered":"<p>80\u00d760 cm (wys. x szer.)<\/p>\n<p>malarstwo figuratywne, kt\u00f3re wyra\u017ca si\u0142\u0119 i skupienie, idealne do wn\u0119trz minimalistycznych<\/p>\n","protected":false},"featured_media":5382,"comment_status":"closed","ping_status":"closed","template":"","meta":[],"product_brand":[],"product_cat":[16],"product_tag":[],"class_list":{"0":"post-5381","1":"product","2":"type-product","3":"status-publish","4":"has-post-thumbnail","6":"product_cat-olej","8":"first","9":"instock","10":"shipping-taxable","11":"purchasable","12":"product-type-simple"},"_links":{"self":[{"href":"https:\/\/jabrzezinscy.pl\/index.php?rest_route=\/wp\/v2\/product\/5381","targetHints":{"allow":["GET"]}}],"collection":[{"href":"https:\/\/jabrzezinscy.pl\/index.php?rest_route=\/wp\/v2\/product"}],"about":[{"href":"https:\/\/jabrzezinscy.pl\/index.php?rest_route=\/wp\/v2\/types\/product"}],"replies":[{"embeddable":true,"href":"https:\/\/jabrzezinscy.pl\/index.php?rest_route=%2Fwp%2Fv2%2Fcomments&post=5381"}],"version-history":[{"count":3,"href":"https:\/\/jabrzezinscy.pl\/index.php?rest_route=\/wp\/v2\/product\/5381\/revisions"}],"predecessor-version":[{"id":5946,"href":"https:\/\/jabrzezinscy.pl\/index.php?rest_route=\/wp\/v2\/product\/5381\/revisions\/5946"}],"wp:featuredmedia":[{"embeddable":true,"href":"https:\/\/jabrzezinscy.pl\/index.php?rest_route=\/wp\/v2\/media\/5382"}],"wp:attachment":[{"href":"https:\/\/jabrzezinscy.pl\/index.php?rest_route=%2Fwp%2Fv2%2Fmedia&parent=5381"}],"wp:term":[{"taxonomy":"product_brand","embeddable":true,"href":"https:\/\/jabrzezinscy.pl\/index.php?rest_route=%2Fwp%2Fv2%2Fproduct_brand&post=5381"},{"taxonomy":"product_cat","embeddable":true,"href":"https:\/\/jabrzezinscy.pl\/index.php?rest_route=%2Fwp%2Fv2%2Fproduct_cat&post=5381"},{"taxonomy":"product_tag","embeddable":true,"href":"https:\/\/jabrzezinscy.pl\/index.php?rest_route=%2Fwp%2Fv2%2Fproduct_tag&post=5381"}],"curies":[{"name":"wp","href":"https:\/\/api.w.org\/{rel}","templated":true}]}}