{"id":5420,"date":"2024-04-04T19:38:41","date_gmt":"2024-04-04T17:38:41","guid":{"rendered":"https:\/\/jabrzezinscy.pl\/?post_type=product&#038;p=5420"},"modified":"2025-08-28T22:14:47","modified_gmt":"2025-08-28T20:14:47","slug":"gesiarka-z-cyklu-siostry","status":"publish","type":"product","link":"https:\/\/jabrzezinscy.pl\/?product=gesiarka-z-cyklu-siostry","title":{"rendered":"G\u0119siarka z cyklu Siostry"},"content":{"rendered":"<p><strong>\u201eG\u0119siarka\u201d<\/strong> to obraz olejny, w kt\u00f3rym nowoczesne malarstwo spotyka si\u0119 z tradycj\u0105. Kobieta ukazana na tle intensywnych barw trzyma w r\u0119kach g\u0119\u015b \u2013 motyw znany ze sztuki ludowej, a jednocze\u015bnie zinterpretowany na nowo, w \u015bwie\u017cy i wsp\u00f3\u0142czesny spos\u00f3b. Artystka tworzy opowie\u015b\u0107 o blisko\u015bci cz\u0142owieka i natury, o prostych rado\u015bciach \u017cycia i codziennym pi\u0119knie.<br data-start=\"1518\" data-end=\"1521\" \/>\u201eG\u0119siarka\u201d z cyklu <strong data-start=\"1540\" data-end=\"1551\">Siostry<\/strong> to ho\u0142d sk\u0142adany kobiecej sile i harmonii ze \u015bwiatem. Obraz emanuje pogod\u0105 ducha, \u0142\u0105cz\u0105c malarstwo figuratywne z elementami symbolizmu. To dzie\u0142o sztuki wsp\u00f3\u0142czesnej, kt\u00f3re nie tylko zdobi, ale te\u017c niesie przes\u0142anie: pi\u0119kno \u017cycia tkwi w zwyczajno\u015bci, w codziennych chwilach, w relacji z innymi i z natur\u0105. Idealne jako dekoracja wn\u0119trz, wprowadzaj\u0105ca spok\u00f3j i pozytywn\u0105 energi\u0119.<\/p>\n<p><img fetchpriority=\"high\" decoding=\"async\" class=\"alignnone wp-image-5416 size-full\" src=\"https:\/\/jabrzezinscy.pl\/wp-content\/uploads\/2024\/04\/DSC_3835.jpg\" alt=\"g\u0119siarka\" width=\"2000\" height=\"1995\" \/><\/p>\n<p><span>G\u0119siarka z cyklu Siostry<\/span> | olej na p\u0142\u00f3tnie | 2024 | 40 cm \u00d7 40 cm x 2 cm<\/p>\n","protected":false},"excerpt":{"rendered":"<p>40 cm \u00d7 40 cm x 2 cm (wys. x szer.)<\/p>\n<p>motyw znany ze sztuki ludowej, a jednocze\u015bnie zinterpretowany na nowo, w \u015bwie\u017cy i wsp\u00f3\u0142czesny spos\u00f3b<\/p>\n","protected":false},"featured_media":5416,"comment_status":"closed","ping_status":"closed","template":"","meta":[],"product_brand":[],"product_cat":[16],"product_tag":[],"class_list":{"0":"post-5420","1":"product","2":"type-product","3":"status-publish","4":"has-post-thumbnail","6":"product_cat-olej","8":"first","9":"instock","10":"shipping-taxable","11":"purchasable","12":"product-type-simple"},"_links":{"self":[{"href":"https:\/\/jabrzezinscy.pl\/index.php?rest_route=\/wp\/v2\/product\/5420","targetHints":{"allow":["GET"]}}],"collection":[{"href":"https:\/\/jabrzezinscy.pl\/index.php?rest_route=\/wp\/v2\/product"}],"about":[{"href":"https:\/\/jabrzezinscy.pl\/index.php?rest_route=\/wp\/v2\/types\/product"}],"replies":[{"embeddable":true,"href":"https:\/\/jabrzezinscy.pl\/index.php?rest_route=%2Fwp%2Fv2%2Fcomments&post=5420"}],"version-history":[{"count":3,"href":"https:\/\/jabrzezinscy.pl\/index.php?rest_route=\/wp\/v2\/product\/5420\/revisions"}],"predecessor-version":[{"id":5950,"href":"https:\/\/jabrzezinscy.pl\/index.php?rest_route=\/wp\/v2\/product\/5420\/revisions\/5950"}],"wp:featuredmedia":[{"embeddable":true,"href":"https:\/\/jabrzezinscy.pl\/index.php?rest_route=\/wp\/v2\/media\/5416"}],"wp:attachment":[{"href":"https:\/\/jabrzezinscy.pl\/index.php?rest_route=%2Fwp%2Fv2%2Fmedia&parent=5420"}],"wp:term":[{"taxonomy":"product_brand","embeddable":true,"href":"https:\/\/jabrzezinscy.pl\/index.php?rest_route=%2Fwp%2Fv2%2Fproduct_brand&post=5420"},{"taxonomy":"product_cat","embeddable":true,"href":"https:\/\/jabrzezinscy.pl\/index.php?rest_route=%2Fwp%2Fv2%2Fproduct_cat&post=5420"},{"taxonomy":"product_tag","embeddable":true,"href":"https:\/\/jabrzezinscy.pl\/index.php?rest_route=%2Fwp%2Fv2%2Fproduct_tag&post=5420"}],"curies":[{"name":"wp","href":"https:\/\/api.w.org\/{rel}","templated":true}]}}