{"id":5483,"date":"2024-09-20T19:33:36","date_gmt":"2024-09-20T17:33:36","guid":{"rendered":"https:\/\/jabrzezinscy.pl\/?post_type=product&#038;p=5483"},"modified":"2025-09-25T23:10:18","modified_gmt":"2025-09-25T21:10:18","slug":"morsjanki","status":"publish","type":"product","link":"https:\/\/jabrzezinscy.pl\/?product=morsjanki","title":{"rendered":"Morsjanki"},"content":{"rendered":"<p data-start=\"1215\" data-end=\"1313\"><strong data-start=\"1215\" data-end=\"1228\">Morsjanki<\/strong> | olej na p\u0142\u00f3tnie | 2024 | 60 \u00d7 100 \u00d7 2,5 cm <span class=\"\" data-state=\"closed\"><span class=\"ms-1 inline-flex max-w-full items-center relative top-[-0.094rem] animate-[show_150ms_ease-in]\" data-testid=\"webpage-citation-pill\"><\/span><\/span><\/p>\n<p data-start=\"1315\" data-end=\"1565\">Obraz <strong data-start=\"1321\" data-end=\"1336\">\u201eMorsjanki\u201d<\/strong> to kompozycja sp\u00f3jna formalnie z \u201eMorsjanki II\u201d, ale o innym odczuciu i energii. Utrzymany w tej samej skali i formacie, praca ukazuje postacie kobiece, kt\u00f3re poprzez sw\u00f3j wyraz gestu i kierunek spojrzenia przyci\u0105ga uwag\u0119 widza.<\/p>\n<p data-start=\"1567\" data-end=\"1849\">Kolorystyka jest subtelna \u2014 dominuj\u0105 be\u017ce, szaro-kremy z delikatnymi przej\u015bciami ton\u00f3w. T\u0142o pozostaje spokojne, co pozwala skupi\u0107 si\u0119 na postaci i jej emocjonalnym wyrazie. Obraz \u0142\u0105czy w sobie \u0142agodno\u015b\u0107 i elegancj\u0119 \u2014 bez epatowania detalem, ale z silnym wyczuciem formy i proporcji.<\/p>\n<p data-start=\"1851\" data-end=\"2106\">Jako pojedynczy element, \u201eMorsjanki\u201d mo\u017ce zosta\u0107 zawieszony samodzielnie w stonowanym wn\u0119trzu \u2014 b\u0119dzie w\u00f3wczas delikatnym, ale wyrazistym akcentem dekoracyjnym. W salonie, kt\u00f3ry stawia na harmoni\u0119 i wyciszenie, doda przestrzeni lekko\u015bci i subtelnej g\u0142\u0119bi.<\/p>\n<p><img fetchpriority=\"high\" decoding=\"async\" class=\"alignnone wp-image-5487 size-full\" src=\"https:\/\/jabrzezinscy.pl\/wp-content\/uploads\/2024\/09\/DSC_8484.jpg\" alt=\"\" width=\"2292\" height=\"1376\" \/><\/p>\n<p><span>Morsjanki <\/span>| olej na p\u0142\u00f3tnie | 2024 | 60 cm \u00d7 100 cm x 2,5 cm<\/p>\n","protected":false},"excerpt":{"rendered":"<p>60 cm \u00d7 100 cm x 2,5 cm (wys. x szer.)<\/p>\n<p>Obraz \u201eMorsjanki\u201d to kompozycja sp\u00f3jna formalnie z \u201eMorsjanki II\u201d, ale o innym odczuciu i energii.<\/p>\n","protected":false},"featured_media":5487,"comment_status":"closed","ping_status":"closed","template":"","meta":[],"product_brand":[],"product_cat":[16],"product_tag":[],"class_list":{"0":"post-5483","1":"product","2":"type-product","3":"status-publish","4":"has-post-thumbnail","6":"product_cat-olej","8":"first","9":"onbackorder","10":"shipping-taxable","11":"product-type-simple"},"_links":{"self":[{"href":"https:\/\/jabrzezinscy.pl\/index.php?rest_route=\/wp\/v2\/product\/5483","targetHints":{"allow":["GET"]}}],"collection":[{"href":"https:\/\/jabrzezinscy.pl\/index.php?rest_route=\/wp\/v2\/product"}],"about":[{"href":"https:\/\/jabrzezinscy.pl\/index.php?rest_route=\/wp\/v2\/types\/product"}],"replies":[{"embeddable":true,"href":"https:\/\/jabrzezinscy.pl\/index.php?rest_route=%2Fwp%2Fv2%2Fcomments&post=5483"}],"version-history":[{"count":3,"href":"https:\/\/jabrzezinscy.pl\/index.php?rest_route=\/wp\/v2\/product\/5483\/revisions"}],"predecessor-version":[{"id":6211,"href":"https:\/\/jabrzezinscy.pl\/index.php?rest_route=\/wp\/v2\/product\/5483\/revisions\/6211"}],"wp:featuredmedia":[{"embeddable":true,"href":"https:\/\/jabrzezinscy.pl\/index.php?rest_route=\/wp\/v2\/media\/5487"}],"wp:attachment":[{"href":"https:\/\/jabrzezinscy.pl\/index.php?rest_route=%2Fwp%2Fv2%2Fmedia&parent=5483"}],"wp:term":[{"taxonomy":"product_brand","embeddable":true,"href":"https:\/\/jabrzezinscy.pl\/index.php?rest_route=%2Fwp%2Fv2%2Fproduct_brand&post=5483"},{"taxonomy":"product_cat","embeddable":true,"href":"https:\/\/jabrzezinscy.pl\/index.php?rest_route=%2Fwp%2Fv2%2Fproduct_cat&post=5483"},{"taxonomy":"product_tag","embeddable":true,"href":"https:\/\/jabrzezinscy.pl\/index.php?rest_route=%2Fwp%2Fv2%2Fproduct_tag&post=5483"}],"curies":[{"name":"wp","href":"https:\/\/api.w.org\/{rel}","templated":true}]}}