{"id":5527,"date":"2024-10-25T15:06:43","date_gmt":"2024-10-25T13:06:43","guid":{"rendered":"https:\/\/jabrzezinscy.pl\/?post_type=product&#038;p=5527"},"modified":"2025-09-24T16:29:32","modified_gmt":"2025-09-24T14:29:32","slug":"pomiedzy-ja-a-soba","status":"publish","type":"product","link":"https:\/\/jabrzezinscy.pl\/?product=pomiedzy-ja-a-soba","title":{"rendered":"Pomi\u0119dzy Ja a Sob\u0105"},"content":{"rendered":"<p data-rm-block-id=\"block-1\"><strong>\u201ePomi\u0119dzy Ja a Sob\u0105\u201d<\/strong> to obraz olejny na p\u0142\u00f3tnie, kt\u00f3ry porusza temat relacji cz\u0142owieka z samym sob\u0105. Sylwetka kobiety, ukazana w intensywnych barwach b\u0142\u0119kitu i pomara\u0144czu, staje si\u0119 metafor\u0105 dialogu wewn\u0119trznego \u2013 poszukiwania r\u00f3wnowagi mi\u0119dzy emocjami a spokojem. Autorka malarstwa wsp\u00f3\u0142czesnego zaprasza widza do zatrzymania si\u0119 i spojrzenia w g\u0142\u0105b siebie, ale robi to w tonie pozytywnym, przypominaj\u0105c, \u017ce harmonia jest mo\u017cliwa.<\/p>\n<p data-rm-block-id=\"block-2\">Obraz wyr\u00f3\u017cnia si\u0119 nowoczesn\u0105 form\u0105 i wyrazist\u0105 kolorystyk\u0105, dzi\u0119ki czemu \u015bwietnie sprawdzi si\u0119 jako dekoracja wn\u0119trz w przestrzeniach prywatnych i publicznych. \u201ePomi\u0119dzy Ja a Sob\u0105\u201d to sztuka nowoczesna, kt\u00f3ra zach\u0119ca do refleksji, ale te\u017c emanuje energi\u0105 i ciep\u0142em. Wida\u0107 tu rado\u015b\u0107 \u017cycia i nadziej\u0119 \u2013 dwa elementy, kt\u00f3re s\u0105 fundamentem tw\u00f3rczo\u015bci artystki.<\/p>\n<p data-rm-block-id=\"block-3\"><img fetchpriority=\"high\" decoding=\"async\" class=\"alignnone wp-image-5518 size-full\" src=\"https:\/\/jabrzezinscy.pl\/wp-content\/uploads\/2024\/10\/DSC_8701.jpg\" alt=\"\" width=\"2414\" height=\"1805\" \/><\/p>\n<p data-rm-block-id=\"block-4\"><strong>Pomi\u0119dzy Ja a Sob\u0105 | olej na p\u0142\u00f3tnie | 2024 | 60 cm \u00d7 80 cm x 2,5 cm<\/strong><\/p>\n","protected":false},"excerpt":{"rendered":"<p>60 cm \u00d7 80 cm x 2,5 cm (wys. x szer.)<\/p>\n<p>Sylwetka kobiety, ukazana w intensywnych barwach b\u0142\u0119kitu i pomara\u0144czu, staje si\u0119 metafor\u0105 dialogu wewn\u0119trznego \u2013 poszukiwania r\u00f3wnowagi mi\u0119dzy emocjami a spokojem.<\/p>\n","protected":false},"featured_media":5518,"comment_status":"closed","ping_status":"closed","template":"","meta":[],"product_brand":[],"product_cat":[16],"product_tag":[],"class_list":{"0":"post-5527","1":"product","2":"type-product","3":"status-publish","4":"has-post-thumbnail","6":"product_cat-olej","8":"first","9":"instock","10":"shipping-taxable","11":"purchasable","12":"product-type-simple"},"_links":{"self":[{"href":"https:\/\/jabrzezinscy.pl\/index.php?rest_route=\/wp\/v2\/product\/5527","targetHints":{"allow":["GET"]}}],"collection":[{"href":"https:\/\/jabrzezinscy.pl\/index.php?rest_route=\/wp\/v2\/product"}],"about":[{"href":"https:\/\/jabrzezinscy.pl\/index.php?rest_route=\/wp\/v2\/types\/product"}],"replies":[{"embeddable":true,"href":"https:\/\/jabrzezinscy.pl\/index.php?rest_route=%2Fwp%2Fv2%2Fcomments&post=5527"}],"version-history":[{"count":5,"href":"https:\/\/jabrzezinscy.pl\/index.php?rest_route=\/wp\/v2\/product\/5527\/revisions"}],"predecessor-version":[{"id":5921,"href":"https:\/\/jabrzezinscy.pl\/index.php?rest_route=\/wp\/v2\/product\/5527\/revisions\/5921"}],"wp:featuredmedia":[{"embeddable":true,"href":"https:\/\/jabrzezinscy.pl\/index.php?rest_route=\/wp\/v2\/media\/5518"}],"wp:attachment":[{"href":"https:\/\/jabrzezinscy.pl\/index.php?rest_route=%2Fwp%2Fv2%2Fmedia&parent=5527"}],"wp:term":[{"taxonomy":"product_brand","embeddable":true,"href":"https:\/\/jabrzezinscy.pl\/index.php?rest_route=%2Fwp%2Fv2%2Fproduct_brand&post=5527"},{"taxonomy":"product_cat","embeddable":true,"href":"https:\/\/jabrzezinscy.pl\/index.php?rest_route=%2Fwp%2Fv2%2Fproduct_cat&post=5527"},{"taxonomy":"product_tag","embeddable":true,"href":"https:\/\/jabrzezinscy.pl\/index.php?rest_route=%2Fwp%2Fv2%2Fproduct_tag&post=5527"}],"curies":[{"name":"wp","href":"https:\/\/api.w.org\/{rel}","templated":true}]}}

Pomiędzy Ja a Sobą

<p data-rm-block-id="block-1"><strong>„Pomiędzy Ja a Sobą”</strong> to obraz olejny na płótnie, który porusza temat relacji człowieka z samym sobą. Sylwetka kobiety, ukazana w intensywnych barwach błękitu i pomarańczu, staje się metaforą dialogu wewnętrznego – poszukiwania równowagi między emocjami a spokojem. Autorka malarstwa współczesnego zaprasza widza do zatrzymania się i spojrzenia w głąb siebie, ale robi to w tonie pozytywnym, przypominając, że harmonia jest możliwa.</p>
<p data-rm-block-id="block-2">Obraz wyróżnia się nowoczesną formą i wyrazistą kolorystyką, dzięki czemu świetnie sprawdzi się jako dekoracja wnętrz w przestrzeniach prywatnych i publicznych. „Pomiędzy Ja a Sobą” to sztuka nowoczesna, która zachęca do refleksji, ale też emanuje energią i ciepłem. Widać tu radość życia i nadzieję – dwa elementy, które są fundamentem twórczości artystki.</p>
<p data-rm-block-id="block-3"><img fetchpriority="high" decoding="async" class="alignnone wp-image-5518 size-full" src="https://jabrzezinscy.pl/wp-content/uploads/2024/10/DSC_8701.jpg" alt="" width="2414" height="1805" /></p>
<p data-rm-block-id="block-4"><strong>Pomiędzy Ja a Sobą | olej na płótnie | 2024 | 60 cm × 80 cm x 2,5 cm</strong></p>

<p>60 cm × 80 cm x 2,5 cm (wys. x szer.)</p>
<p>Sylwetka kobiety, ukazana w intensywnych barwach błękitu i pomarańczu, staje się metaforą dialogu wewnętrznego – poszukiwania równowagi między emocjami a spokojem.</p>
