{"id":5588,"date":"2025-03-17T21:50:06","date_gmt":"2025-03-17T20:50:06","guid":{"rendered":"https:\/\/jabrzezinscy.pl\/?post_type=product&#038;p=5588"},"modified":"2025-08-28T21:36:10","modified_gmt":"2025-08-28T19:36:10","slug":"marzycielka","status":"publish","type":"product","link":"https:\/\/jabrzezinscy.pl\/?product=marzycielka","title":{"rendered":"Marzycielka"},"content":{"rendered":"<p data-start=\"555\" data-end=\"865\">Obraz <strong data-start=\"561\" data-end=\"578\">\u201eMarzycielka\u201d<\/strong> \u2013 malowany olejem na p\u0142\u00f3tnie \u2013 to jeden z centralnych g\u0142os\u00f3w serii \u201eSiostry\u201d. Wymiary dzie\u0142a (80 \u00d7 60 cm) pozwalaj\u0105 stworzy\u0107 intymn\u0105, a jednocze\u015bnie wci\u0105gaj\u0105c\u0105 opowie\u015b\u0107. Mamy tutaj kobiet\u0119 zwr\u00f3con\u0105 ty\u0142em \u2013 typowe dla cyklu \u2013 utkane z barw i ciszy, sugeruj\u0105ce podr\u00f3\u017c do wn\u0119trza marzenia.<\/p>\n<p data-start=\"867\" data-end=\"1305\">\u201eMarzycielka\u201d to symbol zaznaczonej wra\u017cliwo\u015bci i refleksji. Tytu\u0142 kieruje nas w stron\u0119 wewn\u0119trznego \u015bwiata: energetycznego, lecz delikatnego; pe\u0142nego nadziei, ale te\u017c zamy\u015blenia. Intuicyjnie mo\u017cna wyobrazi\u0107, \u017ce jej w\u0142osy \u2013 czy to swawolnie rozpuszczone, czy delikatnie upi\u0119te \u2013 poruszaj\u0105 si\u0119 jak zakl\u0119cie, \u015bwiadcz\u0105c o marzycielskim nastroju, harmonii \u017cycia i snu.<\/p>\n<p data-start=\"1307\" data-end=\"1559\">To dzie\u0142o to nie tylko malarstwo figuratywne \u2013 to afirmacja wewn\u0119trznej si\u0142y, marzenia i czu\u0142o\u015bci. idealne jako element <strong data-start=\"1427\" data-end=\"1454\">malarstwa wsp\u00f3\u0142czesnego<\/strong> wpisuj\u0105cy si\u0119 w <strong data-start=\"1471\" data-end=\"1491\">dekoracj\u0119 wn\u0119trz<\/strong>, kt\u00f3ra inspiruje i stwarza przestrze\u0144 do refleksji o pi\u0119knie \u017cycia.<\/p>\n<p><img fetchpriority=\"high\" decoding=\"async\" class=\"alignnone wp-image-5589 size-full\" src=\"https:\/\/jabrzezinscy.pl\/wp-content\/uploads\/2025\/03\/Marzycielka_80x60.jpg\" alt=\"\" width=\"1200\" height=\"1607\" \/><\/p>\n<p><strong>Marzycielka | olej na p\u0142\u00f3tnie | 2024 | 80 cm \u00d7 60 cm x 2,5 cm<\/strong><\/p>\n","protected":false},"excerpt":{"rendered":"<p>80 cm \u00d7 60 cm x 2,5 cm (wys. x szer.)<\/p>\n<p>Kieruje nas w stron\u0119 wewn\u0119trznego \u015bwiata: energetycznego, lecz delikatnego; pe\u0142nego nadziei, ale te\u017c zamy\u015blenia.<\/p>\n","protected":false},"featured_media":5589,"comment_status":"closed","ping_status":"closed","template":"","meta":[],"product_brand":[],"product_cat":[16],"product_tag":[56,55,54],"class_list":{"0":"post-5588","1":"product","2":"type-product","3":"status-publish","4":"has-post-thumbnail","6":"product_cat-olej","7":"product_tag-agnieszka-brzezinska","8":"product_tag-olej","9":"product_tag-siostry","11":"first","12":"instock","13":"shipping-taxable","14":"purchasable","15":"product-type-simple"},"_links":{"self":[{"href":"https:\/\/jabrzezinscy.pl\/index.php?rest_route=\/wp\/v2\/product\/5588","targetHints":{"allow":["GET"]}}],"collection":[{"href":"https:\/\/jabrzezinscy.pl\/index.php?rest_route=\/wp\/v2\/product"}],"about":[{"href":"https:\/\/jabrzezinscy.pl\/index.php?rest_route=\/wp\/v2\/types\/product"}],"replies":[{"embeddable":true,"href":"https:\/\/jabrzezinscy.pl\/index.php?rest_route=%2Fwp%2Fv2%2Fcomments&post=5588"}],"version-history":[{"count":3,"href":"https:\/\/jabrzezinscy.pl\/index.php?rest_route=\/wp\/v2\/product\/5588\/revisions"}],"predecessor-version":[{"id":6050,"href":"https:\/\/jabrzezinscy.pl\/index.php?rest_route=\/wp\/v2\/product\/5588\/revisions\/6050"}],"wp:featuredmedia":[{"embeddable":true,"href":"https:\/\/jabrzezinscy.pl\/index.php?rest_route=\/wp\/v2\/media\/5589"}],"wp:attachment":[{"href":"https:\/\/jabrzezinscy.pl\/index.php?rest_route=%2Fwp%2Fv2%2Fmedia&parent=5588"}],"wp:term":[{"taxonomy":"product_brand","embeddable":true,"href":"https:\/\/jabrzezinscy.pl\/index.php?rest_route=%2Fwp%2Fv2%2Fproduct_brand&post=5588"},{"taxonomy":"product_cat","embeddable":true,"href":"https:\/\/jabrzezinscy.pl\/index.php?rest_route=%2Fwp%2Fv2%2Fproduct_cat&post=5588"},{"taxonomy":"product_tag","embeddable":true,"href":"https:\/\/jabrzezinscy.pl\/index.php?rest_route=%2Fwp%2Fv2%2Fproduct_tag&post=5588"}],"curies":[{"name":"wp","href":"https:\/\/api.w.org\/{rel}","templated":true}]}}

<p data-start="555" data-end="865">Obraz <strong data-start="561" data-end="578">„Marzycielka”</strong> – malowany olejem na płótnie – to jeden z centralnych głosów serii „Siostry”. Wymiary dzieła (80 × 60 cm) pozwalają stworzyć intymną, a jednocześnie wciągającą opowieść. Mamy tutaj kobietę zwróconą tyłem – typowe dla cyklu – utkane z barw i ciszy, sugerujące podróż do wnętrza marzenia.</p>
<p data-start="867" data-end="1305">„Marzycielka” to symbol zaznaczonej wrażliwości i refleksji. Tytuł kieruje nas w stronę wewnętrznego świata: energetycznego, lecz delikatnego; pełnego nadziei, ale też zamyślenia. Intuicyjnie można wyobrazić, że jej włosy – czy to swawolnie rozpuszczone, czy delikatnie upięte – poruszają się jak zaklęcie, świadcząc o marzycielskim nastroju, harmonii życia i snu.</p>
<p data-start="1307" data-end="1559">To dzieło to nie tylko malarstwo figuratywne – to afirmacja wewnętrznej siły, marzenia i czułości. idealne jako element <strong data-start="1427" data-end="1454">malarstwa współczesnego</strong> wpisujący się w <strong data-start="1471" data-end="1491">dekorację wnętrz</strong>, która inspiruje i stwarza przestrzeń do refleksji o pięknie życia.</p>
<p><img fetchpriority="high" decoding="async" class="alignnone wp-image-5589 size-full" src="https://jabrzezinscy.pl/wp-content/uploads/2025/03/Marzycielka_80x60.jpg" alt="" width="1200" height="1607" /></p>
<p><strong>Marzycielka | olej na płótnie | 2024 | 80 cm × 60 cm x 2,5 cm</strong></p>

<p>80 cm × 60 cm x 2,5 cm (wys. x szer.)</p>
<p>Kieruje nas w stronę wewnętrznego świata: energetycznego, lecz delikatnego; pełnego nadziei, ale też zamyślenia.</p>
